
False
Is 505406861 prime?
True
Is 596743463 a prime number?
False
Is 5617198019 a composite number?
True
Is 743082797 a composite number?
False
Is 5595139883 a composite number?
True
Is 10210222877 prime?
False
Is 60082877941 a prime number?
True
Is 197511299 composite?
False
Is 2677219543 composite?
False
Is 1728446543 composite?
False
Is 22380254513 prime?
False
Is 87500106409 a composite number?
True
Is 30588631933 prime?
True
Is 3091193267 a prime number?
True
Is 8184115829 a composite number?
True
Is 4735009913 composite?
True
Is 1388958187 a composite number?
False
Is 934769271 prime?
False
Is 4644103219 a prime number?
False
Is 1841443001 composite?
False
Is 14381396941 a prime number?
True
Is 2013064897 a composite number?
False
Is 192353593 a composite number?
False
Is 11913697363 a composite number?
True
Is 114791207 a composite number?
True
Is 4934625797 composite?
False
Is 747314017 a prime number?
True
Is 2709991169 a prime number?
False
Is 31313439329 prime?
True
Is 14754913757 a composite number?
True
Is 30132249281 a prime number?
True
Is 2010324581 prime?
True
Is 756135421 a prime number?
False
Is 33253287839 a prime number?
True
Is 3145795811 a composite number?
True
Is 472862830267 a prime number?
True
Is 5142417391 composite?
False
Is 532896239 prime?
True
Is 4320945911 a prime number?
True
Is 14032283663 a composite number?
False
Is 21130705709 composite?
False
Is 1263458489 prime?
True
Is 217340527723 a composite number?
True
Is 751179739 prime?
False
Is 3456757769 a prime number?
True
Is 156659747 a composite number?
True
Is 49897069141 a composite number?
True
Is 310070209 a prime number?
False
Is 56631583477 composite?
True
Is 1055805071 a composite number?
True
Is 90557264281 prime?
False
Is 246284183 prime?
False
Is 8408297603 a composite number?
True
Is 19333445887 composite?
True
Is 2371259309 composite?
False
Is 377161 composite?
True
Is 1018094237 a composite number?
False
Is 3665846045 a prime number?
False
Is 15306987517 prime?
False
Is 547577033 a composite number?
False
Is 2079695353 a prime number?
False
Is 166785290099 a prime number?
False
Is 46501313 composite?
True
Is 49741497961 a composite number?
False
Is 22923851065 prime?
False
Is 23036895047 composite?
False
Is 1972628417 a prime number?
True
Is 492118427 composite?
True
Is 20298013019 a prime number?
True
Is 17017279589 a composite number?
False
Is 369286017 composite?
True
Is 223631699 prime?
False
Is 486153211 a prime number?
False
Is 588522173 a prime number?
True
Is 138680129738 a prime number?
False
Is 82820746397 a composite number?
False
Is 184431996689 a composite number?
False
Is 253875767 composite?
False
Is 463629633 a prime number?
False
Is 129747557 composite?
False
Is 1949193959 a composite number?
True
Is 235328251141 a prime number?
False
Is 243890947 composite?
False
Is 420502549 a prime number?
True
Is 12792209693 a prime number?
False
Is 5599343759 composite?
True
Is 14873150269 a composite number?
False
Is 7890058597 composite?
False
Is 75316181 a composite number?
False
Is 2216179051 a composite number?
False
Is 1836498277 composite?
True
Is 1932126761 a composite number?
False
Is 1601628971 a composite number?
True
Is 83699839 prime?
False
Is 1345802221 composite?
True
Is 86908549969 prime?
True
Is 24139944329 prime?
True
Is 6623890331 prime?
False
Is 14010807409 prime?
False
Is 51412058 a prime number?
False
Is 65983809817 a composite number?
False
Is 393323348771 a composite number?
False
Is 9643264109 prime?
False
Is 13047856027 a prime number?
False
Is 734308163515 a composite number?
True
Is 3370104541 composite?
False
Is 3908995423 composite?
False
Is 5127677767 a prime number?
False
Is 124768964533 composite?
True
Is 8080536473 composite?
False
Is 5502852379 prime?
True
Is 4516872229 a composite number?
False
Is 5726618761 prime?
False
Is 5478592838 a composite number?
True
Is 85150687 a composite number?
False
Is 10457533643 a composite number?
True
Is 538671421 a prime number?
True
Is 14396053597 composite?
False
Is 317966929649 a prime number?
False
Is 14969808809 a prime number?
True
Is 490560281 composite?
False
Is 3109611811 composite?
True
Is 4183886251 prime?
True
Is 848632613 a composite number?
False
Is 1379174149 composite?
True
Is 3032631473 a prime number?
True
Is 74411587421 composite?
False
Is 49630169 a prime number?
True
Is 44615857543 composite?
False
Is 75727504753 composite?
True
Is 134815337 a prime number?
False
Is 20405014321 a composite number?
True
Is 8086999867 prime?
True
Is 12441891389 prime?
False
Is 722088233 prime?
True
Is 25651376969 composite?
True
Is 10678371679 prime?
True
Is 1928100659 composite?
False
Is 81963121271 a composite number?
False
Is 958801587 prime?
False
Is 9268250631 prime?
False
Is 1344865202 prime?
False
Is 1893237769 prime?
False
Is 4179630997 composite?
True
Is 13515626237 composite?
False
Is 28287433739 prime?
True
Is 90128083873 prime?
False
Is 1130147287 composite?
True
Is 511526921 composite?
False
Is 17972149487 a prime number?
True
Is 29135564683 composite?
False
Is 979951099 composite?
True
Is 1184763629 a prime number?
False
Is 3689273459 a prime number?
False
Is 15232677469 a prime number?
True
Is 369416771 a composite number?
False
Is 733296163 a prime number?
False
Is 105963870833 a prime number?
False
Is 1106440105 a prime number?
False
Is 472200841 prime?
False
Is 4798418507 a composite number?
False
Is 237355007 a prime number?
True
Is 39310988987 a prime number?
False
Is 1162626887 a composite number?
True
Is 4270091087 a composite number?
True
Is 239766031 prime?
False
Is 114391865227 prime?
True
Is 667844987 a prime number?
False
Is 154464019 composite?
False
Is 3685386953 prime?
True
Is 189601509 prime?
False
Is 655537049 composite?
True
Is 813998737 a prime number?
False
Is 62347309 a composite number?
False
Is 52639634557 a composite number?
False
Is 95641255 a prime number?
False
Is 9558115891 prime?
True
Is 1653712007 composite?
False
Is 231796318861 a prime number?
True
Is 2711293367 a composite number?
False
Is 20096609443 a prime number?
True
Is 2007591751 composite?
True
Is 2171007361 a prime number?
False
Is 795236587 prime?
False
Is 109432675349 composite?
True
Is 1431832137 a composite number?
True
Is 229595939 a composite number?
True
Is 21215509691 a composite number?
False
Is 391051691 composite?
True
Is 93940018 a prime number?
False
Is 1099947007 a composite number?
True
Is 1855349537 a prime number?
True
Is 17586732157 a prime number?
False
Is 66946680007 a prime number?
True
Is 154226549 prime?
True
Is 5568934453 prime?
True
Is 4727754037 composite?
False
Is 683518547 a prime number?
True
Is 3985401779 a prime number?
False
Is 31008067 a prime number?
True
Is 20145185077 a composite number?
False
Is 35881253957 a prime number?
True
Is 1243282571 composite?
False
Is 55053499 a prime number?
True
Is 3730329569 prime?
False
Is 5609108242 a prime number?
False
Is 17193774739 prime?
True
Is 5867318711 a prime number?
True
Is 2458786367 a prime number?
True
Is 4835756039 prime?
True
Is 144628579 a prime number?
False
Is 493492787 a prime number?
True
Is 27568693 prime?
True
Is 23793922183 a composite number?
True
Is 11506893277 composite?
True
Is 548160617 prime?
False
Is 22047215741 composite?
True
Is 11686024277 composite?
True
Is 10698265493 a composite number?
True
Is 1700751935 a composite number?
True
Is 45441115081 prime?
False
Is 666802687 a prime number?
True
Is 23023118669 composite?
True
Is 23116778939 a composite number?
False
Is 3480010739 a composite number?
False
Is 25258837 a prime number?
True
Is 149967547 a prime number?
True
Is 98325257 a prime number?
False
Is 24021155087 composite?
True
Is 11577476293 prime?
False
Is 7695005743 a composite number?
True
Is 49007188229 a prime number?
True
Is 3309812243 prime?
True
Is 52235803489 a prime number?
False
Is 300336539 a composite number?
False
Is 86671463 a prime number?
True
Is 4958336479 composite?
False
Is 49598471801 a prime number?
True
Is 18327624999 a prime number?
False
Is 240980497 prime?
False
Is 34349741939 prime?
True
Is 287774783551 composite?
False
Is 133646411 a composite number?
False
Is 5579493133 a composite number?
False
Is 2841356647 a composite